{"id":1398,"date":"2023-04-26T14:16:16","date_gmt":"2023-04-26T13:16:16","guid":{"rendered":"https:\/\/www.therebello.com\/eventos\/"},"modified":"2026-01-19T11:32:18","modified_gmt":"2026-01-19T11:32:18","slug":"eventos","status":"publish","type":"page","link":"https:\/\/www.therebello.com\/es\/eventos\/","title":{"rendered":"Eventos"},"content":{"rendered":"","protected":false},"excerpt":{"rendered":"","protected":false},"author":1,"featured_media":0,"parent":0,"menu_order":0,"comment_status":"closed","ping_status":"closed","template":"","meta":{"_acf_changed":false,"footnotes":""},"class_list":["post-1398","page","type-page","status-publish","hentry"],"acf":{"modules":[{"acf_fc_layout":"text_and_media","_acfe_flexible_layout_title":null,"_acfe_flexible_toggle":null,"text_options":"normal","title":"Oferta Especial de Navidad","text":"Reserva tu cena de Navidad para 25 o m\u00e1s personas y recibe un vale de 60 \u20ac para una comida en Pot&amp;Pan para dos personas. Oferta v\u00e1lida hasta el 25 de diciembre. No te pierdas la oportunidad de celebrar la temporada con buena comida y mejor compa\u00f1\u00eda.","buttons":[{"button_type":"link","button":{"title":"Reserva Ahora","url":"mailto:sales@bomportohotels.com?subject=The%20Rebello%20%7C%20Reuniones%20y%20Eventos%20%E2%80%93%20Solicitud","target":"_blank"},"button_text":""}],"show_further_settings":false,"small_image":null,"links_list":null,"media":{"media_type":"image","image":1988,"video_file":null},"module_settings":{"is_reversed":false,"is_shortened":false,"background_colour":"stone","borders":{"add_top_border":false,"add_bottom_border":true}}},{"acf_fc_layout":"text_and_media","_acfe_flexible_layout_title":null,"_acfe_flexible_toggle":null,"text_options":"normal","title":"La reuni\u00f3n","text":"<span style=\"font-weight: 400;\">\u00bfEst\u00e1 lanzando un producto a la prensa, planeando una jornada de trabajo \"no corporativa\" o simplemente necesita una sala de reuniones durante unas horas?\u00a0<\/span>\r\n\r\n<span style=\"font-weight: 400;\">Sea cual sea la idea, grande o peque\u00f1a, con sencillos aperitivos o agradables almuerzos, disponemos de espacios \u00fanicos que le ayudar\u00e1n a llevarla a cabo, con acceso adicional al jard\u00edn porque, oye, la naturaleza es fant\u00e1stica para poner en marcha el cerebro.\u00a0<\/span>","buttons":[{"button_type":"link","button":{"title":"Planifiquemos","url":"mailto:sales@bomportohotels.com?subject=The%20Rebello%20%7C%20Reuniones%20y%20Eventos%20%E2%80%93%20Solicitud","target":"_blank"},"button_text":""}],"show_further_settings":false,"small_image":null,"links_list":null,"media":{"media_type":"image","image":1992,"video_file":null},"module_settings":{"is_reversed":true,"is_shortened":false,"background_colour":"stone","borders":{"add_top_border":false,"add_bottom_border":true}}},{"acf_fc_layout":"text_and_media","_acfe_flexible_layout_title":null,"_acfe_flexible_toggle":null,"text_options":"normal","title":"El saludo","text":"<span style=\"font-weight: 400;\">\u00bfListo para abrazar a sus personas favoritas? \u00bfPara comer, beber y alegrarse m\u00e1s de la cuenta? \u00bfPara pasar una velada de la que todo el mundo hable durante meses?\u00a0<\/span>\r\n\r\n<span style=\"font-weight: 400;\">Cumplea\u00f1os, bodas o simplemente para celebrar la vida, sus d\u00edas especiales merecen un poco de ese vibrante esp\u00edritu Rebello.\u00a0<\/span>","buttons":[{"button_type":"link","button":{"title":"Celebremos","url":"mailto:sales@bomportohotels.com?subject=The%20Rebello%20%7C%20Reuniones%20y%20Eventos%20%E2%80%93%20Solicitud","target":"_blank"},"button_text":""}],"show_further_settings":false,"small_image":null,"links_list":null,"media":{"media_type":"image","image":2468,"video_file":542},"module_settings":{"is_reversed":false,"is_shortened":false,"background_colour":"stone","borders":{"add_top_border":false,"add_bottom_border":true}}},{"acf_fc_layout":"text_and_media","_acfe_flexible_layout_title":null,"_acfe_flexible_toggle":null,"text_options":"normal","title":"La comida","text":"<span style=\"font-weight: 400;\">El alquiler privado de nuestro restaurante <a href=\"https:\/\/www.therebello.com\/es\/comer-y-beber\/restaurante-potpan\/\" target=\"_blank\" rel=\"noopener\">Pot&amp;Pan<\/a> significa sentarse, relajarse y emprender un viaje de los sentidos: los sonidos del vino local perfectamente servido, los incre\u00edbles aromas de una comida sensacional y los sabores de nuestra ciudad en platos preparados s\u00f3lo para usted.<\/span>\r\n\r\n<span style=\"font-weight: 400;\">Deleite sus papilas gustativas con un nuevo concepto de cena privada ejecutada con arte. P\u00f3ngase en contacto con nuestro equipo especializado en eventos.<\/span>","buttons":[{"button_type":"link","button":{"title":"VAMOS A EMPEZAR","url":"https:\/\/www.therebello.com\/wp-content\/uploads\/2025\/12\/The-Rebello_Kit-Banquetes_PT_compressed.pdf","target":"_blank"},"button_text":""}],"show_further_settings":false,"small_image":null,"links_list":null,"media":{"media_type":"image","image":1897,"video_file":542},"module_settings":{"is_reversed":true,"is_shortened":false,"background_colour":"stone","borders":{"add_top_border":false,"add_bottom_border":true}}},{"acf_fc_layout":"text_and_media","_acfe_flexible_layout_title":null,"_acfe_flexible_toggle":null,"text_options":"small","title":"El Hotel para el Hot Desking","text":"<span style=\"font-weight: 400;\">Trabaje a distancia desde aqu\u00ed, con espacios dise\u00f1ados para n\u00f3madas digitales, creadores y so\u00f1adores.<\/span>\r\n\r\n<span style=\"font-weight: 400;\">Desde el tercer espacio de nuestro sal\u00f3n hasta su habitaci\u00f3n, dispondr\u00e1 de wifi de alta velocidad, c\u00f3modos asientos, enchufes y caf\u00e9 para pensar a lo grande.<\/span>","buttons":[{"button_type":"link","button":{"title":"Vamos a empezar","url":"mailto:sales@bomportohotels.com?subject=The%20Rebello%20%7C%20Reuniones%20y%20Eventos%20%E2%80%93%20Solicitud","target":"_blank"},"button_text":""}],"show_further_settings":false,"small_image":null,"links_list":null,"media":{"media_type":"image","image":1901,"video_file":null},"module_settings":{"is_reversed":false,"is_shortened":false,"background_colour":"green","borders":{"add_top_border":false,"add_bottom_border":true}}}]},"yoast_head":"<!-- This site is optimized with the Yoast SEO plugin v28.4 - https:\/\/yoast.com\/product\/yoast-seo-wordpress\/ -->\n<title>Eventos - Hotel de Lujo en Oporto - O Rebello<\/title>\n<meta name=\"description\" content=\"D\u00e9 rienda suelta al poder de los eventos y reuniones de \u00e9xito en Oporto: eleve su experiencia en nuestro Hotel de primera categor\u00eda.\" \/>\n<meta name=\"robots\" content=\"index, follow, max-snippet:-1, max-image-preview:large, max-video-preview:-1\" \/>\n<link rel=\"canonical\" href=\"https:\/\/www.therebello.com\/es\/eventos\/\" \/>\n<meta property=\"og:locale\" content=\"es_ES\" \/>\n<meta property=\"og:type\" content=\"article\" \/>\n<meta property=\"og:title\" content=\"Eventos - Hotel de Lujo en Oporto - O Rebello\" \/>\n<meta property=\"og:description\" content=\"D\u00e9 rienda suelta al poder de los eventos y reuniones de \u00e9xito en Oporto: eleve su experiencia en nuestro Hotel de primera categor\u00eda.\" \/>\n<meta property=\"og:url\" content=\"https:\/\/www.therebello.com\/es\/eventos\/\" \/>\n<meta property=\"og:site_name\" content=\"The Rebello\" \/>\n<meta property=\"article:publisher\" content=\"http:\/\/www.facebook.com\/therebellohotel\" \/>\n<meta property=\"article:modified_time\" content=\"2026-01-19T11:32:18+00:00\" \/>\n<meta name=\"twitter:card\" content=\"summary_large_image\" \/>\n<script type=\"application\/ld+json\" class=\"yoast-schema-graph\">{\"@context\":\"https:\\\/\\\/schema.org\",\"@graph\":[{\"@type\":\"WebPage\",\"@id\":\"https:\\\/\\\/www.therebello.com\\\/es\\\/eventos\\\/\",\"url\":\"https:\\\/\\\/www.therebello.com\\\/es\\\/eventos\\\/\",\"name\":\"Eventos - Hotel de Lujo en Oporto - O Rebello\",\"isPartOf\":{\"@id\":\"https:\\\/\\\/www.therebello.com\\\/es\\\/#website\"},\"datePublished\":\"2023-04-26T13:16:16+00:00\",\"dateModified\":\"2026-01-19T11:32:18+00:00\",\"description\":\"D\u00e9 rienda suelta al poder de los eventos y reuniones de \u00e9xito en Oporto: eleve su experiencia en nuestro Hotel de primera categor\u00eda.\",\"breadcrumb\":{\"@id\":\"https:\\\/\\\/www.therebello.com\\\/es\\\/eventos\\\/#breadcrumb\"},\"inLanguage\":\"es\",\"potentialAction\":[{\"@type\":\"ReadAction\",\"target\":[\"https:\\\/\\\/www.therebello.com\\\/es\\\/eventos\\\/\"]}]},{\"@type\":\"BreadcrumbList\",\"@id\":\"https:\\\/\\\/www.therebello.com\\\/es\\\/eventos\\\/#breadcrumb\",\"itemListElement\":[{\"@type\":\"ListItem\",\"position\":1,\"name\":\"Home\",\"item\":\"https:\\\/\\\/www.therebello.com\\\/es\\\/\"},{\"@type\":\"ListItem\",\"position\":2,\"name\":\"Eventos\"}]},{\"@type\":\"WebSite\",\"@id\":\"https:\\\/\\\/www.therebello.com\\\/es\\\/#website\",\"url\":\"https:\\\/\\\/www.therebello.com\\\/es\\\/\",\"name\":\"The Rebello\",\"description\":\"\",\"publisher\":{\"@id\":\"https:\\\/\\\/www.therebello.com\\\/es\\\/#organization\"},\"potentialAction\":[{\"@type\":\"SearchAction\",\"target\":{\"@type\":\"EntryPoint\",\"urlTemplate\":\"https:\\\/\\\/www.therebello.com\\\/es\\\/?s={search_term_string}\"},\"query-input\":{\"@type\":\"PropertyValueSpecification\",\"valueRequired\":true,\"valueName\":\"search_term_string\"}}],\"inLanguage\":\"es\"},{\"@type\":\"Organization\",\"@id\":\"https:\\\/\\\/www.therebello.com\\\/es\\\/#organization\",\"name\":\"The Rebello\",\"url\":\"https:\\\/\\\/www.therebello.com\\\/es\\\/\",\"logo\":{\"@type\":\"ImageObject\",\"inLanguage\":\"es\",\"@id\":\"https:\\\/\\\/www.therebello.com\\\/es\\\/#\\\/schema\\\/logo\\\/image\\\/\",\"url\":\"http:\\\/\\\/www.therebello.com\\\/wp-content\\\/uploads\\\/2023\\\/03\\\/the-rebello-logo.jpg\",\"contentUrl\":\"http:\\\/\\\/www.therebello.com\\\/wp-content\\\/uploads\\\/2023\\\/03\\\/the-rebello-logo.jpg\",\"width\":350,\"height\":350,\"caption\":\"The Rebello\"},\"image\":{\"@id\":\"https:\\\/\\\/www.therebello.com\\\/es\\\/#\\\/schema\\\/logo\\\/image\\\/\"},\"sameAs\":[\"http:\\\/\\\/www.facebook.com\\\/therebellohotel\",\"https:\\\/\\\/www.instagram.com\\\/therebellohotel\\\/\"]}]}<\/script>\n<!-- \/ Yoast SEO plugin. -->","yoast_head_json":{"title":"Eventos - Hotel de Lujo en Oporto - O Rebello","description":"D\u00e9 rienda suelta al poder de los eventos y reuniones de \u00e9xito en Oporto: eleve su experiencia en nuestro Hotel de primera categor\u00eda.","robots":{"index":"index","follow":"follow","max-snippet":"max-snippet:-1","max-image-preview":"max-image-preview:large","max-video-preview":"max-video-preview:-1"},"canonical":"https:\/\/www.therebello.com\/es\/eventos\/","og_locale":"es_ES","og_type":"article","og_title":"Eventos - Hotel de Lujo en Oporto - O Rebello","og_description":"D\u00e9 rienda suelta al poder de los eventos y reuniones de \u00e9xito en Oporto: eleve su experiencia en nuestro Hotel de primera categor\u00eda.","og_url":"https:\/\/www.therebello.com\/es\/eventos\/","og_site_name":"The Rebello","article_publisher":"http:\/\/www.facebook.com\/therebellohotel","article_modified_time":"2026-01-19T11:32:18+00:00","twitter_card":"summary_large_image","schema":{"@context":"https:\/\/schema.org","@graph":[{"@type":"WebPage","@id":"https:\/\/www.therebello.com\/es\/eventos\/","url":"https:\/\/www.therebello.com\/es\/eventos\/","name":"Eventos - Hotel de Lujo en Oporto - O Rebello","isPartOf":{"@id":"https:\/\/www.therebello.com\/es\/#website"},"datePublished":"2023-04-26T13:16:16+00:00","dateModified":"2026-01-19T11:32:18+00:00","description":"D\u00e9 rienda suelta al poder de los eventos y reuniones de \u00e9xito en Oporto: eleve su experiencia en nuestro Hotel de primera categor\u00eda.","breadcrumb":{"@id":"https:\/\/www.therebello.com\/es\/eventos\/#breadcrumb"},"inLanguage":"es","potentialAction":[{"@type":"ReadAction","target":["https:\/\/www.therebello.com\/es\/eventos\/"]}]},{"@type":"BreadcrumbList","@id":"https:\/\/www.therebello.com\/es\/eventos\/#breadcrumb","itemListElement":[{"@type":"ListItem","position":1,"name":"Home","item":"https:\/\/www.therebello.com\/es\/"},{"@type":"ListItem","position":2,"name":"Eventos"}]},{"@type":"WebSite","@id":"https:\/\/www.therebello.com\/es\/#website","url":"https:\/\/www.therebello.com\/es\/","name":"The Rebello","description":"","publisher":{"@id":"https:\/\/www.therebello.com\/es\/#organization"},"potentialAction":[{"@type":"SearchAction","target":{"@type":"EntryPoint","urlTemplate":"https:\/\/www.therebello.com\/es\/?s={search_term_string}"},"query-input":{"@type":"PropertyValueSpecification","valueRequired":true,"valueName":"search_term_string"}}],"inLanguage":"es"},{"@type":"Organization","@id":"https:\/\/www.therebello.com\/es\/#organization","name":"The Rebello","url":"https:\/\/www.therebello.com\/es\/","logo":{"@type":"ImageObject","inLanguage":"es","@id":"https:\/\/www.therebello.com\/es\/#\/schema\/logo\/image\/","url":"http:\/\/www.therebello.com\/wp-content\/uploads\/2023\/03\/the-rebello-logo.jpg","contentUrl":"http:\/\/www.therebello.com\/wp-content\/uploads\/2023\/03\/the-rebello-logo.jpg","width":350,"height":350,"caption":"The Rebello"},"image":{"@id":"https:\/\/www.therebello.com\/es\/#\/schema\/logo\/image\/"},"sameAs":["http:\/\/www.facebook.com\/therebellohotel","https:\/\/www.instagram.com\/therebellohotel\/"]}]}},"_links":{"self":[{"href":"https:\/\/www.therebello.com\/es\/wp-json\/wp\/v2\/pages\/1398","targetHints":{"allow":["GET"]}}],"collection":[{"href":"https:\/\/www.therebello.com\/es\/wp-json\/wp\/v2\/pages"}],"about":[{"href":"https:\/\/www.therebello.com\/es\/wp-json\/wp\/v2\/types\/page"}],"author":[{"embeddable":true,"href":"https:\/\/www.therebello.com\/es\/wp-json\/wp\/v2\/users\/1"}],"replies":[{"embeddable":true,"href":"https:\/\/www.therebello.com\/es\/wp-json\/wp\/v2\/comments?post=1398"}],"version-history":[{"count":0,"href":"https:\/\/www.therebello.com\/es\/wp-json\/wp\/v2\/pages\/1398\/revisions"}],"wp:attachment":[{"href":"https:\/\/www.therebello.com\/es\/wp-json\/wp\/v2\/media?parent=1398"}],"curies":[{"name":"wp","href":"https:\/\/api.w.org\/{rel}","templated":true}]}}

Reserva tu cena de Navidad para 25 o más personas y recibe un vale de 60 € para una comida en Pot&amp;Pan para dos personas. Oferta válida hasta el 25 de diciembre. No te pierdas la oportunidad de celebrar la temporada con buena comida y mejor compañía.

La reunión

<span style="font-weight: 400;">¿Está lanzando un producto a la prensa, planeando una jornada de trabajo "no corporativa" o simplemente necesita una sala de reuniones durante unas horas? </span>

<span style="font-weight: 400;">Sea cual sea la idea, grande o pequeña, con sencillos aperitivos o agradables almuerzos, disponemos de espacios únicos que le ayudarán a llevarla a cabo, con acceso adicional al jardín porque, oye, la naturaleza es fantástica para poner en marcha el cerebro. </span>

<span style="font-weight: 400;">¿Listo para abrazar a sus personas favoritas? ¿Para comer, beber y alegrarse más de la cuenta? ¿Para pasar una velada de la que todo el mundo hable durante meses? </span>

<span style="font-weight: 400;">Cumpleaños, bodas o simplemente para celebrar la vida, sus días especiales merecen un poco de ese vibrante espíritu Rebello. </span>

<span style="font-weight: 400;">El alquiler privado de nuestro restaurante <a href="https://www.therebello.com/es/comer-y-beber/restaurante-potpan/" target="_blank" rel="noopener">Pot&amp;Pan</a> significa sentarse, relajarse y emprender un viaje de los sentidos: los sonidos del vino local perfectamente servido, los increíbles aromas de una comida sensacional y los sabores de nuestra ciudad en platos preparados sólo para usted.</span>

<span style="font-weight: 400;">Deleite sus papilas gustativas con un nuevo concepto de cena privada ejecutada con arte. Póngase en contacto con nuestro equipo especializado en eventos.</span>

<span style="font-weight: 400;">Trabaje a distancia desde aquí, con espacios diseñados para nómadas digitales, creadores y soñadores.</span>

<span style="font-weight: 400;">Desde el tercer espacio de nuestro salón hasta su habitación, dispondrá de wifi de alta velocidad, cómodos asientos, enchufes y café para pensar a lo grande.</span>

<!-- This site is optimized with the Yoast SEO plugin v28.4 - https://yoast.com/product/yoast-seo-wordpress/ -->
<title>Eventos - Hotel de Lujo en Oporto - O Rebello</title>
<meta name="description" content="Dé rienda suelta al poder de los eventos y reuniones de éxito en Oporto: eleve su experiencia en nuestro Hotel de primera categoría." />
<meta name="robots" content="index, follow, max-snippet:-1, max-image-preview:large, max-video-preview:-1" />
<link rel="canonical" href="https://www.therebello.com/es/eventos/" />
<meta property="og:locale" content="es_ES" />
<meta property="og:type" content="article" />
<meta property="og:title" content="Eventos - Hotel de Lujo en Oporto - O Rebello" />
<meta property="og:description" content="Dé rienda suelta al poder de los eventos y reuniones de éxito en Oporto: eleve su experiencia en nuestro Hotel de primera categoría." />
<meta property="og:url" content="https://www.therebello.com/es/eventos/" />
<meta property="og:site_name" content="The Rebello" />
<meta property="article:publisher" content="http://www.facebook.com/therebellohotel" />
<meta property="article:modified_time" content="2026-01-19T11:32:18+00:00" />
<meta name="twitter:card" content="summary_large_image" />
<script type="application/ld+json" class="yoast-schema-graph">{"@context":"https:\/\/schema.org","@graph":[{"@type":"WebPage","@id":"https:\/\/www.therebello.com\/es\/eventos\/","url":"https:\/\/www.therebello.com\/es\/eventos\/","name":"Eventos - Hotel de Lujo en Oporto - O Rebello","isPartOf":{"@id":"https:\/\/www.therebello.com\/es\/#website"},"datePublished":"2023-04-26T13:16:16+00:00","dateModified":"2026-01-19T11:32:18+00:00","description":"Dé rienda suelta al poder de los eventos y reuniones de éxito en Oporto: eleve su experiencia en nuestro Hotel de primera categoría.","breadcrumb":{"@id":"https:\/\/www.therebello.com\/es\/eventos\/#breadcrumb"},"inLanguage":"es","potentialAction":[{"@type":"ReadAction","target":["https:\/\/www.therebello.com\/es\/eventos\/"]}]},{"@type":"BreadcrumbList","@id":"https:\/\/www.therebello.com\/es\/eventos\/#breadcrumb","itemListElement":[{"@type":"ListItem","position":1,"name":"Home","item":"https:\/\/www.therebello.com\/es\/"},{"@type":"ListItem","position":2,"name":"Eventos"}]},{"@type":"WebSite","@id":"https:\/\/www.therebello.com\/es\/#website","url":"https:\/\/www.therebello.com\/es\/","name":"The Rebello","description":"","publisher":{"@id":"https:\/\/www.therebello.com\/es\/#organization"},"potentialAction":[{"@type":"SearchAction","target":{"@type":"EntryPoint","urlTemplate":"https:\/\/www.therebello.com\/es\/?s={search_term_string}"},"query-input":{"@type":"PropertyValueSpecification","valueRequired":true,"valueName":"search_term_string"}}],"inLanguage":"es"},{"@type":"Organization","@id":"https:\/\/www.therebello.com\/es\/#organization","name":"The Rebello","url":"https:\/\/www.therebello.com\/es\/","logo":{"@type":"ImageObject","inLanguage":"es","@id":"https:\/\/www.therebello.com\/es\/#\/schema\/logo\/image\/","url":"http:\/\/www.therebello.com\/wp-content\/uploads\/2023\/03\/the-rebello-logo.jpg","contentUrl":"http:\/\/www.therebello.com\/wp-content\/uploads\/2023\/03\/the-rebello-logo.jpg","width":350,"height":350,"caption":"The Rebello"},"image":{"@id":"https:\/\/www.therebello.com\/es\/#\/schema\/logo\/image\/"},"sameAs":["http:\/\/www.facebook.com\/therebellohotel","https:\/\/www.instagram.com\/therebellohotel\/"]}]}</script>
<!-- / Yoast SEO plugin. -->

Dé rienda suelta al poder de los eventos y reuniones de éxito en Oporto: eleve su experiencia en nuestro Hotel de primera categoría.
