{"id":2014,"date":"2023-04-25T09:50:20","date_gmt":"2023-04-25T08:50:20","guid":{"rendered":"https:\/\/www.therebello.com\/teste\/bello-rooftop-restaurant-bar\/"},"modified":"2026-03-11T10:53:17","modified_gmt":"2026-03-11T10:53:17","slug":"bello-rooftop-restaurant-bar","status":"publish","type":"page","link":"https:\/\/www.therebello.com\/fr\/manger-et-boire\/bello-rooftop-restaurant-bar\/","title":{"rendered":"Bello Rooftop Restaurant &#038; Bar"},"content":{"rendered":"","protected":false},"excerpt":{"rendered":"","protected":false},"author":1,"featured_media":0,"parent":1370,"menu_order":0,"comment_status":"closed","ping_status":"closed","template":"","meta":{"_acf_changed":false,"footnotes":""},"class_list":["post-2014","page","type-page","status-publish","hentry"],"acf":[],"yoast_head":"<!-- This site is optimized with the Yoast SEO plugin v27.5 - https:\/\/yoast.com\/product\/yoast-seo-wordpress\/ -->\n<title>Bello Rooftop Restaurant &amp; Bar - The Rebello<\/title>\n<meta name=\"description\" content=\"D\u00e9couvrez Porto sous un autre angle gr\u00e2ce aux vues incroyables de notre bar-restaurant, o\u00f9 le fleuve \u00e9ternel, la ville anim\u00e9e et les vues imprenables s&#039;harmonisent avec une cuisine fantastique.\" \/>\n<meta name=\"robots\" content=\"index, follow, max-snippet:-1, max-image-preview:large, max-video-preview:-1\" \/>\n<link rel=\"canonical\" href=\"https:\/\/www.therebello.com\/fr\/manger-et-boire\/bello-rooftop-restaurant-bar\/\" \/>\n<meta property=\"og:locale\" content=\"fr_FR\" \/>\n<meta property=\"og:type\" content=\"article\" \/>\n<meta property=\"og:title\" content=\"Bello Rooftop Restaurant &amp; Bar - The Rebello\" \/>\n<meta property=\"og:description\" content=\"D\u00e9couvrez Porto sous un autre angle gr\u00e2ce aux vues incroyables de notre bar-restaurant, o\u00f9 le fleuve \u00e9ternel, la ville anim\u00e9e et les vues imprenables s&#039;harmonisent avec une cuisine fantastique.\" \/>\n<meta property=\"og:url\" content=\"https:\/\/www.therebello.com\/fr\/manger-et-boire\/bello-rooftop-restaurant-bar\/\" \/>\n<meta property=\"og:site_name\" content=\"The Rebello\" \/>\n<meta property=\"article:publisher\" content=\"http:\/\/www.facebook.com\/therebellohotel\" \/>\n<meta property=\"article:modified_time\" content=\"2026-03-11T10:53:17+00:00\" \/>\n<meta name=\"twitter:card\" content=\"summary_large_image\" \/>\n<script type=\"application\/ld+json\" class=\"yoast-schema-graph\">{\"@context\":\"https:\\\/\\\/schema.org\",\"@graph\":[{\"@type\":\"WebPage\",\"@id\":\"https:\\\/\\\/www.therebello.com\\\/fr\\\/manger-et-boire\\\/bello-rooftop-restaurant-bar\\\/\",\"url\":\"https:\\\/\\\/www.therebello.com\\\/fr\\\/manger-et-boire\\\/bello-rooftop-restaurant-bar\\\/\",\"name\":\"Bello Rooftop Restaurant & Bar - The Rebello\",\"isPartOf\":{\"@id\":\"https:\\\/\\\/www.therebello.com\\\/fr\\\/#website\"},\"datePublished\":\"2023-04-25T08:50:20+00:00\",\"dateModified\":\"2026-03-11T10:53:17+00:00\",\"description\":\"D\u00e9couvrez Porto sous un autre angle gr\u00e2ce aux vues incroyables de notre bar-restaurant, o\u00f9 le fleuve \u00e9ternel, la ville anim\u00e9e et les vues imprenables s'harmonisent avec une cuisine fantastique.\",\"breadcrumb\":{\"@id\":\"https:\\\/\\\/www.therebello.com\\\/fr\\\/manger-et-boire\\\/bello-rooftop-restaurant-bar\\\/#breadcrumb\"},\"inLanguage\":\"fr-FR\",\"potentialAction\":[{\"@type\":\"ReadAction\",\"target\":[\"https:\\\/\\\/www.therebello.com\\\/fr\\\/manger-et-boire\\\/bello-rooftop-restaurant-bar\\\/\"]}]},{\"@type\":\"BreadcrumbList\",\"@id\":\"https:\\\/\\\/www.therebello.com\\\/fr\\\/manger-et-boire\\\/bello-rooftop-restaurant-bar\\\/#breadcrumb\",\"itemListElement\":[{\"@type\":\"ListItem\",\"position\":1,\"name\":\"Home\",\"item\":\"https:\\\/\\\/www.therebello.com\\\/fr\\\/\"},{\"@type\":\"ListItem\",\"position\":2,\"name\":\"Manger et Boire\",\"item\":\"https:\\\/\\\/www.therebello.com\\\/fr\\\/manger-et-boire\\\/\"},{\"@type\":\"ListItem\",\"position\":3,\"name\":\"Bello Rooftop Restaurant &#038; Bar\"}]},{\"@type\":\"WebSite\",\"@id\":\"https:\\\/\\\/www.therebello.com\\\/fr\\\/#website\",\"url\":\"https:\\\/\\\/www.therebello.com\\\/fr\\\/\",\"name\":\"The Rebello\",\"description\":\"\",\"publisher\":{\"@id\":\"https:\\\/\\\/www.therebello.com\\\/fr\\\/#organization\"},\"potentialAction\":[{\"@type\":\"SearchAction\",\"target\":{\"@type\":\"EntryPoint\",\"urlTemplate\":\"https:\\\/\\\/www.therebello.com\\\/fr\\\/?s={search_term_string}\"},\"query-input\":{\"@type\":\"PropertyValueSpecification\",\"valueRequired\":true,\"valueName\":\"search_term_string\"}}],\"inLanguage\":\"fr-FR\"},{\"@type\":\"Organization\",\"@id\":\"https:\\\/\\\/www.therebello.com\\\/fr\\\/#organization\",\"name\":\"The Rebello\",\"url\":\"https:\\\/\\\/www.therebello.com\\\/fr\\\/\",\"logo\":{\"@type\":\"ImageObject\",\"inLanguage\":\"fr-FR\",\"@id\":\"https:\\\/\\\/www.therebello.com\\\/fr\\\/#\\\/schema\\\/logo\\\/image\\\/\",\"url\":\"http:\\\/\\\/www.therebello.com\\\/wp-content\\\/uploads\\\/2023\\\/03\\\/the-rebello-logo.jpg\",\"contentUrl\":\"http:\\\/\\\/www.therebello.com\\\/wp-content\\\/uploads\\\/2023\\\/03\\\/the-rebello-logo.jpg\",\"width\":350,\"height\":350,\"caption\":\"The Rebello\"},\"image\":{\"@id\":\"https:\\\/\\\/www.therebello.com\\\/fr\\\/#\\\/schema\\\/logo\\\/image\\\/\"},\"sameAs\":[\"http:\\\/\\\/www.facebook.com\\\/therebellohotel\",\"https:\\\/\\\/www.instagram.com\\\/therebellohotel\\\/\"]}]}<\/script>\n<!-- \/ Yoast SEO plugin. -->","yoast_head_json":{"title":"Bello Rooftop Restaurant & Bar - The Rebello","description":"D\u00e9couvrez Porto sous un autre angle gr\u00e2ce aux vues incroyables de notre bar-restaurant, o\u00f9 le fleuve \u00e9ternel, la ville anim\u00e9e et les vues imprenables s'harmonisent avec une cuisine fantastique.","robots":{"index":"index","follow":"follow","max-snippet":"max-snippet:-1","max-image-preview":"max-image-preview:large","max-video-preview":"max-video-preview:-1"},"canonical":"https:\/\/www.therebello.com\/fr\/manger-et-boire\/bello-rooftop-restaurant-bar\/","og_locale":"fr_FR","og_type":"article","og_title":"Bello Rooftop Restaurant & Bar - The Rebello","og_description":"D\u00e9couvrez Porto sous un autre angle gr\u00e2ce aux vues incroyables de notre bar-restaurant, o\u00f9 le fleuve \u00e9ternel, la ville anim\u00e9e et les vues imprenables s'harmonisent avec une cuisine fantastique.","og_url":"https:\/\/www.therebello.com\/fr\/manger-et-boire\/bello-rooftop-restaurant-bar\/","og_site_name":"The Rebello","article_publisher":"http:\/\/www.facebook.com\/therebellohotel","article_modified_time":"2026-03-11T10:53:17+00:00","twitter_card":"summary_large_image","schema":{"@context":"https:\/\/schema.org","@graph":[{"@type":"WebPage","@id":"https:\/\/www.therebello.com\/fr\/manger-et-boire\/bello-rooftop-restaurant-bar\/","url":"https:\/\/www.therebello.com\/fr\/manger-et-boire\/bello-rooftop-restaurant-bar\/","name":"Bello Rooftop Restaurant & Bar - The Rebello","isPartOf":{"@id":"https:\/\/www.therebello.com\/fr\/#website"},"datePublished":"2023-04-25T08:50:20+00:00","dateModified":"2026-03-11T10:53:17+00:00","description":"D\u00e9couvrez Porto sous un autre angle gr\u00e2ce aux vues incroyables de notre bar-restaurant, o\u00f9 le fleuve \u00e9ternel, la ville anim\u00e9e et les vues imprenables s'harmonisent avec une cuisine fantastique.","breadcrumb":{"@id":"https:\/\/www.therebello.com\/fr\/manger-et-boire\/bello-rooftop-restaurant-bar\/#breadcrumb"},"inLanguage":"fr-FR","potentialAction":[{"@type":"ReadAction","target":["https:\/\/www.therebello.com\/fr\/manger-et-boire\/bello-rooftop-restaurant-bar\/"]}]},{"@type":"BreadcrumbList","@id":"https:\/\/www.therebello.com\/fr\/manger-et-boire\/bello-rooftop-restaurant-bar\/#breadcrumb","itemListElement":[{"@type":"ListItem","position":1,"name":"Home","item":"https:\/\/www.therebello.com\/fr\/"},{"@type":"ListItem","position":2,"name":"Manger et Boire","item":"https:\/\/www.therebello.com\/fr\/manger-et-boire\/"},{"@type":"ListItem","position":3,"name":"Bello Rooftop Restaurant &#038; Bar"}]},{"@type":"WebSite","@id":"https:\/\/www.therebello.com\/fr\/#website","url":"https:\/\/www.therebello.com\/fr\/","name":"The Rebello","description":"","publisher":{"@id":"https:\/\/www.therebello.com\/fr\/#organization"},"potentialAction":[{"@type":"SearchAction","target":{"@type":"EntryPoint","urlTemplate":"https:\/\/www.therebello.com\/fr\/?s={search_term_string}"},"query-input":{"@type":"PropertyValueSpecification","valueRequired":true,"valueName":"search_term_string"}}],"inLanguage":"fr-FR"},{"@type":"Organization","@id":"https:\/\/www.therebello.com\/fr\/#organization","name":"The Rebello","url":"https:\/\/www.therebello.com\/fr\/","logo":{"@type":"ImageObject","inLanguage":"fr-FR","@id":"https:\/\/www.therebello.com\/fr\/#\/schema\/logo\/image\/","url":"http:\/\/www.therebello.com\/wp-content\/uploads\/2023\/03\/the-rebello-logo.jpg","contentUrl":"http:\/\/www.therebello.com\/wp-content\/uploads\/2023\/03\/the-rebello-logo.jpg","width":350,"height":350,"caption":"The Rebello"},"image":{"@id":"https:\/\/www.therebello.com\/fr\/#\/schema\/logo\/image\/"},"sameAs":["http:\/\/www.facebook.com\/therebellohotel","https:\/\/www.instagram.com\/therebellohotel\/"]}]}},"_links":{"self":[{"href":"https:\/\/www.therebello.com\/fr\/wp-json\/wp\/v2\/pages\/2014","targetHints":{"allow":["GET"]}}],"collection":[{"href":"https:\/\/www.therebello.com\/fr\/wp-json\/wp\/v2\/pages"}],"about":[{"href":"https:\/\/www.therebello.com\/fr\/wp-json\/wp\/v2\/types\/page"}],"author":[{"embeddable":true,"href":"https:\/\/www.therebello.com\/fr\/wp-json\/wp\/v2\/users\/1"}],"replies":[{"embeddable":true,"href":"https:\/\/www.therebello.com\/fr\/wp-json\/wp\/v2\/comments?post=2014"}],"version-history":[{"count":0,"href":"https:\/\/www.therebello.com\/fr\/wp-json\/wp\/v2\/pages\/2014\/revisions"}],"up":[{"embeddable":true,"href":"https:\/\/www.therebello.com\/fr\/wp-json\/wp\/v2\/pages\/1370"}],"wp:attachment":[{"href":"https:\/\/www.therebello.com\/fr\/wp-json\/wp\/v2\/media?parent=2014"}],"curies":[{"name":"wp","href":"https:\/\/api.w.org\/{rel}","templated":true}]}}

<!-- This site is optimized with the Yoast SEO plugin v27.5 - https://yoast.com/product/yoast-seo-wordpress/ -->
<title>Bello Rooftop Restaurant &amp; Bar - The Rebello</title>
<meta name="description" content="Découvrez Porto sous un autre angle grâce aux vues incroyables de notre bar-restaurant, où le fleuve éternel, la ville animée et les vues imprenables s&#039;harmonisent avec une cuisine fantastique." />
<meta name="robots" content="index, follow, max-snippet:-1, max-image-preview:large, max-video-preview:-1" />
<link rel="canonical" href="https://www.therebello.com/fr/manger-et-boire/bello-rooftop-restaurant-bar/" />
<meta property="og:locale" content="fr_FR" />
<meta property="og:type" content="article" />
<meta property="og:title" content="Bello Rooftop Restaurant &amp; Bar - The Rebello" />
<meta property="og:description" content="Découvrez Porto sous un autre angle grâce aux vues incroyables de notre bar-restaurant, où le fleuve éternel, la ville animée et les vues imprenables s&#039;harmonisent avec une cuisine fantastique." />
<meta property="og:url" content="https://www.therebello.com/fr/manger-et-boire/bello-rooftop-restaurant-bar/" />
<meta property="og:site_name" content="The Rebello" />
<meta property="article:publisher" content="http://www.facebook.com/therebellohotel" />
<meta property="article:modified_time" content="2026-03-11T10:53:17+00:00" />
<meta name="twitter:card" content="summary_large_image" />
<script type="application/ld+json" class="yoast-schema-graph">{"@context":"https:\/\/schema.org","@graph":[{"@type":"WebPage","@id":"https:\/\/www.therebello.com\/fr\/manger-et-boire\/bello-rooftop-restaurant-bar\/","url":"https:\/\/www.therebello.com\/fr\/manger-et-boire\/bello-rooftop-restaurant-bar\/","name":"Bello Rooftop Restaurant & Bar - The Rebello","isPartOf":{"@id":"https:\/\/www.therebello.com\/fr\/#website"},"datePublished":"2023-04-25T08:50:20+00:00","dateModified":"2026-03-11T10:53:17+00:00","description":"Découvrez Porto sous un autre angle grâce aux vues incroyables de notre bar-restaurant, où le fleuve éternel, la ville animée et les vues imprenables s'harmonisent avec une cuisine fantastique.","breadcrumb":{"@id":"https:\/\/www.therebello.com\/fr\/manger-et-boire\/bello-rooftop-restaurant-bar\/#breadcrumb"},"inLanguage":"fr-FR","potentialAction":[{"@type":"ReadAction","target":["https:\/\/www.therebello.com\/fr\/manger-et-boire\/bello-rooftop-restaurant-bar\/"]}]},{"@type":"BreadcrumbList","@id":"https:\/\/www.therebello.com\/fr\/manger-et-boire\/bello-rooftop-restaurant-bar\/#breadcrumb","itemListElement":[{"@type":"ListItem","position":1,"name":"Home","item":"https:\/\/www.therebello.com\/fr\/"},{"@type":"ListItem","position":2,"name":"Manger et Boire","item":"https:\/\/www.therebello.com\/fr\/manger-et-boire\/"},{"@type":"ListItem","position":3,"name":"Bello Rooftop Restaurant &#038; Bar"}]},{"@type":"WebSite","@id":"https:\/\/www.therebello.com\/fr\/#website","url":"https:\/\/www.therebello.com\/fr\/","name":"The Rebello","description":"","publisher":{"@id":"https:\/\/www.therebello.com\/fr\/#organization"},"potentialAction":[{"@type":"SearchAction","target":{"@type":"EntryPoint","urlTemplate":"https:\/\/www.therebello.com\/fr\/?s={search_term_string}"},"query-input":{"@type":"PropertyValueSpecification","valueRequired":true,"valueName":"search_term_string"}}],"inLanguage":"fr-FR"},{"@type":"Organization","@id":"https:\/\/www.therebello.com\/fr\/#organization","name":"The Rebello","url":"https:\/\/www.therebello.com\/fr\/","logo":{"@type":"ImageObject","inLanguage":"fr-FR","@id":"https:\/\/www.therebello.com\/fr\/#\/schema\/logo\/image\/","url":"http:\/\/www.therebello.com\/wp-content\/uploads\/2023\/03\/the-rebello-logo.jpg","contentUrl":"http:\/\/www.therebello.com\/wp-content\/uploads\/2023\/03\/the-rebello-logo.jpg","width":350,"height":350,"caption":"The Rebello"},"image":{"@id":"https:\/\/www.therebello.com\/fr\/#\/schema\/logo\/image\/"},"sameAs":["http:\/\/www.facebook.com\/therebellohotel","https:\/\/www.instagram.com\/therebellohotel\/"]}]}</script>
<!-- / Yoast SEO plugin. -->

Découvrez Porto sous un autre angle grâce aux vues incroyables de notre bar-restaurant, où le fleuve éternel, la ville animée et les vues imprenables s'harmonisent avec une cuisine fantastique.
